{"id":886,"date":"2013-12-30T19:24:50","date_gmt":"2013-12-30T18:24:50","guid":{"rendered":"http:\/\/www.taekwondo-ates.de\/wp-content\/uploads\/2013\/12\/G\u00fcrtelpr\u00fcfung2_web.jpg"},"modified":"2013-12-30T19:24:50","modified_gmt":"2013-12-30T18:24:50","slug":"gurtelprufung2_web","status":"inherit","type":"attachment","link":"https:\/\/www.taekwondo-ates.de\/?attachment_id=886","title":{"rendered":"G\u00fcrtelpr\u00fcfung2_web"},"author":1,"comment_status":"closed","ping_status":"closed","template":"","meta":{"ngg_post_thumbnail":0,"jetpack_post_was_ever_published":false},"jetpack_shortlink":"https:\/\/wp.me\/a214aU-ei","jetpack_sharing_enabled":true,"description":{"rendered":"<p class=\"attachment\"><a href='https:\/\/www.taekwondo-ates.de\/wp-content\/uploads\/2013\/12\/G\u00fcrtelpr\u00fcfung2_web.jpg'><img width=\"300\" height=\"225\" src=\"https:\/\/www.taekwondo-ates.de\/wp-content\/uploads\/2013\/12\/G\u00fcrtelpr\u00fcfung2_web-300x225.jpg\" class=\"attachment-medium size-medium\" alt=\"\" decoding=\"async\" loading=\"lazy\" srcset=\"https:\/\/www.taekwondo-ates.de\/wp-content\/uploads\/2013\/12\/G\u00fcrtelpr\u00fcfung2_web-300x225.jpg 300w, https:\/\/www.taekwondo-ates.de\/wp-content\/uploads\/2013\/12\/G\u00fcrtelpr\u00fcfung2_web-400x300.jpg 400w, https:\/\/www.taekwondo-ates.de\/wp-content\/uploads\/2013\/12\/G\u00fcrtelpr\u00fcfung2_web.jpg 1024w\" sizes=\"(max-width: 300px) 100vw, 300px\" data-attachment-id=\"886\" data-permalink=\"https:\/\/www.taekwondo-ates.de\/?attachment_id=886\" data-orig-file=\"https:\/\/www.taekwondo-ates.de\/wp-content\/uploads\/2013\/12\/G\u00fcrtelpr\u00fcfung2_web.jpg\" data-orig-size=\"1024,768\" data-comments-opened=\"0\" data-image-meta=\"{&quot;aperture&quot;:&quot;2.8&quot;,&quot;credit&quot;:&quot;&quot;,&quot;camera&quot;:&quot;DMC-FS3&quot;,&quot;caption&quot;:&quot;&quot;,&quot;created_timestamp&quot;:&quot;1386963516&quot;,&quot;copyright&quot;:&quot;&quot;,&quot;focal_length&quot;:&quot;5.5&quot;,&quot;iso&quot;:&quot;125&quot;,&quot;shutter_speed&quot;:&quot;0.033333333333333&quot;,&quot;title&quot;:&quot;&quot;}\" data-image-title=\"G\u00fcrtelpr\u00fcfung2_web\" data-image-description=\"\" data-image-caption=\"\" data-medium-file=\"https:\/\/www.taekwondo-ates.de\/wp-content\/uploads\/2013\/12\/G\u00fcrtelpr\u00fcfung2_web-300x225.jpg\" data-large-file=\"https:\/\/www.taekwondo-ates.de\/wp-content\/uploads\/2013\/12\/G\u00fcrtelpr\u00fcfung2_web.jpg\" \/><\/a><\/p>\n"},"caption":{"rendered":""},"alt_text":"","media_type":"image","mime_type":"image\/jpeg","media_details":{"width":1024,"height":768,"file":"2013\/12\/G\u00fcrtelpr\u00fcfung2_web.jpg","sizes":{"thumbnail":{"file":"G\u00fcrtelpr\u00fcfung2_web-150x150.jpg","width":150,"height":150,"mime_type":"image\/jpeg","source_url":"https:\/\/www.taekwondo-ates.de\/wp-content\/uploads\/2013\/12\/G\u00fcrtelpr\u00fcfung2_web-150x150.jpg"},"medium":{"file":"G\u00fcrtelpr\u00fcfung2_web-300x225.jpg","width":300,"height":225,"mime_type":"image\/jpeg","source_url":"https:\/\/www.taekwondo-ates.de\/wp-content\/uploads\/2013\/12\/G\u00fcrtelpr\u00fcfung2_web-300x225.jpg"},"post-thumbnail":{"file":"G\u00fcrtelpr\u00fcfung2_web-1000x288.jpg","width":1000,"height":288,"mime_type":"image\/jpeg","source_url":"https:\/\/www.taekwondo-ates.de\/wp-content\/uploads\/2013\/12\/G\u00fcrtelpr\u00fcfung2_web-1000x288.jpg"},"large-feature":{"file":"G\u00fcrtelpr\u00fcfung2_web-1000x288.jpg","width":1000,"height":288,"mime_type":"image\/jpeg","source_url":"https:\/\/www.taekwondo-ates.de\/wp-content\/uploads\/2013\/12\/G\u00fcrtelpr\u00fcfung2_web-1000x288.jpg"},"small-feature":{"file":"G\u00fcrtelpr\u00fcfung2_web-400x300.jpg","width":400,"height":300,"mime_type":"image\/jpeg","source_url":"https:\/\/www.taekwondo-ates.de\/wp-content\/uploads\/2013\/12\/G\u00fcrtelpr\u00fcfung2_web-400x300.jpg"},"full":{"file":"G\u00fcrtelpr\u00fcfung2_web.jpg","width":1024,"height":768,"mime_type":"image\/jpeg","source_url":"https:\/\/www.taekwondo-ates.de\/wp-content\/uploads\/2013\/12\/G\u00fcrtelpr\u00fcfung2_web.jpg"}},"image_meta":{"aperture":2.8,"credit":"","camera":"DMC-FS3","caption":"","created_timestamp":1386963516,"copyright":"","focal_length":"5.5","iso":"125","shutter_speed":"0.033333333333333","title":""}},"post":882,"source_url":"https:\/\/www.taekwondo-ates.de\/wp-content\/uploads\/2013\/12\/G\u00fcrtelpr\u00fcfung2_web.jpg","_links":{"self":[{"href":"https:\/\/www.taekwondo-ates.de\/index.php?rest_route=\/wp\/v2\/media\/886"}],"collection":[{"href":"https:\/\/www.taekwondo-ates.de\/index.php?rest_route=\/wp\/v2\/media"}],"about":[{"href":"https:\/\/www.taekwondo-ates.de\/index.php?rest_route=\/wp\/v2\/types\/attachment"}],"author":[{"embeddable":true,"href":"https:\/\/www.taekwondo-ates.de\/index.php?rest_route=\/wp\/v2\/users\/1"}],"replies":[{"embeddable":true,"href":"https:\/\/www.taekwondo-ates.de\/index.php?rest_route=%2Fwp%2Fv2%2Fcomments&post=886"}]}}

http://www.taekwondo-ates.de/wp-content/uploads/2013/12/Gürtelprüfung2_web.jpg

Gürtelprüfung2_web

<p class="attachment"><a href='https://www.taekwondo-ates.de/wp-content/uploads/2013/12/Gürtelprüfung2_web.jpg'><img width="300" height="225" src="https://www.taekwondo-ates.de/wp-content/uploads/2013/12/Gürtelprüfung2_web-300x225.jpg" class="attachment-medium size-medium" alt="" decoding="async" loading="lazy" srcset="https://www.taekwondo-ates.de/wp-content/uploads/2013/12/Gürtelprüfung2_web-300x225.jpg 300w, https://www.taekwondo-ates.de/wp-content/uploads/2013/12/Gürtelprüfung2_web-400x300.jpg 400w, https://www.taekwondo-ates.de/wp-content/uploads/2013/12/Gürtelprüfung2_web.jpg 1024w" sizes="(max-width: 300px) 100vw, 300px" data-attachment-id="886" data-permalink="https://www.taekwondo-ates.de/?attachment_id=886" data-orig-file="https://www.taekwondo-ates.de/wp-content/uploads/2013/12/Gürtelprüfung2_web.jpg" data-orig-size="1024,768" data-comments-opened="0" data-image-meta="{&quot;aperture&quot;:&quot;2.8&quot;,&quot;credit&quot;:&quot;&quot;,&quot;camera&quot;:&quot;DMC-FS3&quot;,&quot;caption&quot;:&quot;&quot;,&quot;created_timestamp&quot;:&quot;1386963516&quot;,&quot;copyright&quot;:&quot;&quot;,&quot;focal_length&quot;:&quot;5.5&quot;,&quot;iso&quot;:&quot;125&quot;,&quot;shutter_speed&quot;:&quot;0.033333333333333&quot;,&quot;title&quot;:&quot;&quot;}" data-image-title="Gürtelprüfung2_web" data-image-description="" data-image-caption="" data-medium-file="https://www.taekwondo-ates.de/wp-content/uploads/2013/12/Gürtelprüfung2_web-300x225.jpg" data-large-file="https://www.taekwondo-ates.de/wp-content/uploads/2013/12/Gürtelprüfung2_web.jpg" /></a></p>

2013/12/Gürtelprüfung2_web.jpg

Gürtelprüfung2_web-150x150.jpg

https://www.taekwondo-ates.de/wp-content/uploads/2013/12/Gürtelprüfung2_web-150x150.jpg

Gürtelprüfung2_web-300x225.jpg

https://www.taekwondo-ates.de/wp-content/uploads/2013/12/Gürtelprüfung2_web-300x225.jpg

Gürtelprüfung2_web-1000x288.jpg

https://www.taekwondo-ates.de/wp-content/uploads/2013/12/Gürtelprüfung2_web-1000x288.jpg

Gürtelprüfung2_web-400x300.jpg

https://www.taekwondo-ates.de/wp-content/uploads/2013/12/Gürtelprüfung2_web-400x300.jpg

Gürtelprüfung2_web.jpg

https://www.taekwondo-ates.de/wp-content/uploads/2013/12/Gürtelprüfung2_web.jpg
